{"id":23,"date":"2017-10-01T19:20:40","date_gmt":"2017-10-01T19:20:40","guid":{"rendered":"https:\/\/import.brothersthemes.com\/nur\/?page_id=23"},"modified":"2018-03-20T14:44:29","modified_gmt":"2018-03-20T11:44:29","slug":"iletisim","status":"publish","type":"page","link":"https:\/\/pakline.com.tr\/index.php\/iletisim\/","title":{"rendered":"\u0130leti\u015fim"},"content":{"rendered":"<p>[vc_row full_width=&#8221;stretch_row_content&#8221; css=&#8221;.vc_custom_1506677722029{margin-top: 30px !important;}&#8221;][vc_column width=&#8221;1\/3&#8243; offset=&#8221;vc_col-md-offset-1 vc_col-md-3&#8243;][vc_column_text]<\/p>\n<h4 style=\"text-align: left;\">\u0130stanbul Ofis<\/h4>\n<p><strong>Addres<\/strong><br \/>\nEvliya \u00c7elebi Mh.<br \/>\nRauforbay Cd.<br \/>\nAkg\u00fcl Sk.No:2\/2<\/p>\n<p><strong>Telefon<\/strong><br \/>\n+90216 446-37-25<br \/>\n+90216 446-37-23 Fax<\/p>\n<p><strong>Email<\/strong><br \/>\n<a href=\"http:\/\/info@pakline.com.tr\">info@pakline.com.tr<\/a>[\/vc_column_text][\/vc_column][vc_column width=&#8221;2\/3&#8243;][vc_gmaps link=&#8221;#E-8_JTNDaWZyYW1lJTIwc3JjJTNEJTIyaHR0cHMlM0ElMkYlMkZ3d3cuZ29vZ2xlLmNvbSUyRm1hcHMlMkZlbWJlZCUzRnBiJTNEJTIxMW0xOCUyMTFtMTIlMjExbTMlMjExZDMwMTguMjg3OTE5OTUxMTcyJTIxMmQyOS4yOTE0MjkwMTQ4Mjg0MiUyMTNkNDAuODQzNjAyMDM3NDkxOTIlMjEybTMlMjExZjAlMjEyZjAlMjEzZjAlMjEzbTIlMjExaTEwMjQlMjEyaTc2OCUyMTRmMTMuMSUyMTNtMyUyMTFtMiUyMTFzMHgxNGNhZGM0NTk4ODYyNTRkJTI1M0EweGI0MThlNDBlODg4YWRlOWMlMjEyc1Bha2xpbmUlMkJFbmQlMjVDMyUyNUJDc3RyaSUyQllhJTI1QzQlMjU5RmxhbWElMjE1ZTAlMjEzbTIlMjExc3RyJTIxMnN0ciUyMTR2MTUyMTU0NTczNzIyNyUyMiUyMHdpZHRoJTNEJTIyNjAwJTIyJTIwaGVpZ2h0JTNEJTIyNDUwJTIyJTIwZnJhbWVib3JkZXIlM0QlMjIwJTIyJTIwc3R5bGUlM0QlMjJib3JkZXIlM0EwJTIyJTIwYWxsb3dmdWxsc2NyZWVuJTNFJTNDJTJGaWZyYW1lJTNF&#8221; size=&#8221;400&#8243; css_animation=&#8221;fadeIn&#8221; css=&#8221;.vc_custom_1521545745641{margin-bottom: 0px !important;background-color: #f7f7f7 !important;}&#8221;][\/vc_column][\/vc_row][vc_row full_width=&#8221;stretch_row_content_no_spaces&#8221; css=&#8221;.vc_custom_1506708570844{margin-top: 60px !important;background-color: #f5f5f5 !important;}&#8221;][vc_column][nur_image_section layout=&#8221;cover-image content-right&#8221; image_id=&#8221;2523&#8243;][nur_section_heading decoration=&#8221;line&#8221; el_class=&#8221;text-center text-md-left ml-md-0&#8243;]<\/p>\n<h3>Bize Ula\u015f\u0131n<\/h3>\n<p>Sizlere daha kaliteli bir hizmet sunabilmek i\u00e7in te\u015fekk\u00fcr, ele\u015ftiri\u00a0 ve \u00f6nerilerinizi\u00a0bizimle payla\u015f\u0131n.Her bir yaz\u0131n\u0131z titizlikle incelenerek, sizlere daha iyi hizmet sunmak i\u00e7in s\u00fcrd\u00fcrd\u00fc\u011f\u00fcm\u00fcz \u00e7al\u0131\u015fmalarda bizlere \u0131\u015f\u0131k tutacakt\u0131r.<span class=\"apple-converted-space\">\u00a0<\/span>[\/nur_section_heading]<div role=\"form\" class=\"wpcf7\" id=\"wpcf7-f70-o1\" lang=\"en-US\" dir=\"ltr\">\n<div class=\"screen-reader-response\"><\/div>\n<form action=\"\/index.php\/wp-json\/wp\/v2\/pages\/23#wpcf7-f70-o1\" method=\"post\" class=\"wpcf7-form\" novalidate=\"novalidate\">\n<div style=\"display: none;\">\n<input type=\"hidden\" name=\"_wpcf7\" value=\"70\" \/>\n<input type=\"hidden\" name=\"_wpcf7_version\" value=\"5.0.1\" \/>\n<input type=\"hidden\" name=\"_wpcf7_locale\" value=\"en_US\" \/>\n<input type=\"hidden\" name=\"_wpcf7_unit_tag\" value=\"wpcf7-f70-o1\" \/>\n<input type=\"hidden\" name=\"_wpcf7_container_post\" value=\"0\" \/>\n<\/div>\n<p><label> Bize Yaz\u0131n<br \/>\n    <span class=\"wpcf7-form-control-wrap office-location\"><select name=\"office-location\" class=\"wpcf7-form-control wpcf7-select wpcf7-validates-as-required\" aria-required=\"true\" aria-invalid=\"false\"><option value=\"\u0130stanbul\">\u0130stanbul<\/option><\/select><\/span> <\/label><\/p>\n<p><label> \u0130sminiz (zorunlu)<br \/>\n    <span class=\"wpcf7-form-control-wrap your-name\"><input type=\"text\" name=\"your-name\" value=\"\" size=\"40\" class=\"wpcf7-form-control wpcf7-text wpcf7-validates-as-required\" aria-required=\"true\" aria-invalid=\"false\" \/><\/span> <\/label><\/p>\n<p><label> Mail Adresiniz (zorunlu)<br \/>\n    <span class=\"wpcf7-form-control-wrap your-email\"><input type=\"email\" name=\"your-email\" value=\"\" size=\"40\" class=\"wpcf7-form-control wpcf7-text wpcf7-email wpcf7-validates-as-required wpcf7-validates-as-email\" aria-required=\"true\" aria-invalid=\"false\" \/><\/span> <\/label><\/p>\n<p><label> Mesaj\u0131n\u0131z<br \/>\n    <span class=\"wpcf7-form-control-wrap your-message\"><textarea name=\"your-message\" cols=\"40\" rows=\"10\" class=\"wpcf7-form-control wpcf7-textarea\" aria-invalid=\"false\"><\/textarea><\/span> <\/label><\/p>\n<p class=\"text-center\">\n    <input type=\"submit\" value=\"G\u00f6nder\" class=\"wpcf7-form-control wpcf7-submit btn btn-primary\" \/> <\/p>\n<div class=\"wpcf7-response-output wpcf7-display-none\"><\/div><\/form><\/div>[\/nur_image_section][\/vc_column][\/vc_row]<\/p>\n","protected":false},"excerpt":{"rendered":"<p>[vc_row full_width=&#8221;stretch_row_content&#8221; css=&#8221;.vc_custom_1506677722029{margin-top: 30px !important;}&#8221;][vc_column width=&#8221;1\/3&#8243; offset=&#8221;vc_col-md-offset-1 vc_col-md-3&#8243;][vc_column_text] \u0130stanbul Ofis Addres Evliya \u00c7elebi Mh. Rauforbay Cd. Akg\u00fcl Sk.No:2\/2 Telefon +90216 446-37-25 +90216 446-37-23 Fax Email info@pakline.com.tr[\/vc_column_text][\/vc_column][vc_column width=&#8221;2\/3&#8243;][vc_gmaps link=&#8221;#E-8_JTNDaWZyYW1lJTIwc3JjJTNEJTIyaHR0cHMlM0ElMkYlMkZ3d3cuZ29vZ2xlLmNvbSUyRm1hcHMlMkZlbWJlZCUzRnBiJTNEJTIxMW0xOCUyMTFtMTIlMjExbTMlMjExZDMwMTguMjg3OTE5OTUxMTcyJTIxMmQyOS4yOTE0MjkwMTQ4Mjg0MiUyMTNkNDAuODQzNjAyMDM3NDkxOTIlMjEybTMlMjExZjAlMjEyZjAlMjEzZjAlMjEzbTIlMjExaTEwMjQlMjEyaTc2OCUyMTRmMTMuMSUyMTNtMyUyMTFtMiUyMTFzMHgxNGNhZGM0NTk4ODYyNTRkJTI1M0EweGI0MThlNDBlODg4YWRlOWMlMjEyc1Bha2xpbmUlMkJFbmQlMjVDMyUyNUJDc3RyaSUyQllhJTI1QzQlMjU5RmxhbWElMjE1ZTAlMjEzbTIlMjExc3RyJTIxMnN0ciUyMTR2MTUyMTU0NTczNzIyNyUyMiUyMHdpZHRoJTNEJTIyNjAwJTIyJTIwaGVpZ2h0JTNEJTIyNDUwJTIyJTIwZnJhbWVib3JkZXIlM0QlMjIwJTIyJTIwc3R5bGUlM0QlMjJib3JkZXIlM0EwJTIyJTIwYWxsb3dmdWxsc2NyZWVuJTNFJTNDJTJGaWZyYW1lJTNF&#8221; size=&#8221;400&#8243; css_animation=&#8221;fadeIn&#8221; css=&#8221;.vc_custom_1521545745641{margin-bottom: 0px !important;background-color: #f7f7f7 !important;}&#8221;][\/vc_column][\/vc_row][vc_row full_width=&#8221;stretch_row_content_no_spaces&#8221; css=&#8221;.vc_custom_1506708570844{margin-top: 60px !important;background-color: #f5f5f5 !important;}&#8221;][vc_column][nur_image_section layout=&#8221;cover-image content-right&#8221; image_id=&#8221;2523&#8243;][nur_section_heading decoration=&#8221;line&#8221; el_class=&#8221;text-center text-md-left ml-md-0&#8243;] Bize Ula\u015f\u0131n Sizlere daha kaliteli bir hizmet [&hellip;]<\/p>\n","protected":false},"author":1,"featured_media":0,"parent":0,"menu_order":0,"comment_status":"closed","ping_status":"closed","template":"","meta":{"footnotes":""},"class_list":["post-23","page","type-page","status-publish","hentry"],"yoast_head":"<!-- This site is optimized with the Yoast SEO plugin v18.2 - https:\/\/yoast.com\/wordpress\/plugins\/seo\/ -->\n<title>\u0130leti\u015fim -<\/title>\n<meta name=\"robots\" content=\"index, follow, max-snippet:-1, max-image-preview:large, max-video-preview:-1\" \/>\n<link rel=\"canonical\" href=\"https:\/\/pakline.com.tr\/index.php\/iletisim\/\" \/>\n<meta property=\"og:locale\" content=\"tr_TR\" \/>\n<meta property=\"og:type\" content=\"article\" \/>\n<meta property=\"og:title\" content=\"\u0130leti\u015fim -\" \/>\n<meta property=\"og:description\" content=\"[vc_row full_width=&#8221;stretch_row_content&#8221; css=&#8221;.vc_custom_1506677722029{margin-top: 30px !important;}&#8221;][vc_column width=&#8221;1\/3&#8243; offset=&#8221;vc_col-md-offset-1 vc_col-md-3&#8243;][vc_column_text] \u0130stanbul Ofis Addres Evliya \u00c7elebi Mh. Rauforbay Cd. Akg\u00fcl Sk.No:2\/2 Telefon +90216 446-37-25 +90216 446-37-23 Fax Email info@pakline.com.tr[\/vc_column_text][\/vc_column][vc_column width=&#8221;2\/3&#8243;][vc_gmaps link=&#8221;#E-8_JTNDaWZyYW1lJTIwc3JjJTNEJTIyaHR0cHMlM0ElMkYlMkZ3d3cuZ29vZ2xlLmNvbSUyRm1hcHMlMkZlbWJlZCUzRnBiJTNEJTIxMW0xOCUyMTFtMTIlMjExbTMlMjExZDMwMTguMjg3OTE5OTUxMTcyJTIxMmQyOS4yOTE0MjkwMTQ4Mjg0MiUyMTNkNDAuODQzNjAyMDM3NDkxOTIlMjEybTMlMjExZjAlMjEyZjAlMjEzZjAlMjEzbTIlMjExaTEwMjQlMjEyaTc2OCUyMTRmMTMuMSUyMTNtMyUyMTFtMiUyMTFzMHgxNGNhZGM0NTk4ODYyNTRkJTI1M0EweGI0MThlNDBlODg4YWRlOWMlMjEyc1Bha2xpbmUlMkJFbmQlMjVDMyUyNUJDc3RyaSUyQllhJTI1QzQlMjU5RmxhbWElMjE1ZTAlMjEzbTIlMjExc3RyJTIxMnN0ciUyMTR2MTUyMTU0NTczNzIyNyUyMiUyMHdpZHRoJTNEJTIyNjAwJTIyJTIwaGVpZ2h0JTNEJTIyNDUwJTIyJTIwZnJhbWVib3JkZXIlM0QlMjIwJTIyJTIwc3R5bGUlM0QlMjJib3JkZXIlM0EwJTIyJTIwYWxsb3dmdWxsc2NyZWVuJTNFJTNDJTJGaWZyYW1lJTNF&#8221; size=&#8221;400&#8243; css_animation=&#8221;fadeIn&#8221; css=&#8221;.vc_custom_1521545745641{margin-bottom: 0px !important;background-color: #f7f7f7 !important;}&#8221;][\/vc_column][\/vc_row][vc_row full_width=&#8221;stretch_row_content_no_spaces&#8221; css=&#8221;.vc_custom_1506708570844{margin-top: 60px !important;background-color: #f5f5f5 !important;}&#8221;][vc_column][nur_image_section layout=&#8221;cover-image content-right&#8221; image_id=&#8221;2523&#8243;][nur_section_heading decoration=&#8221;line&#8221; el_class=&#8221;text-center text-md-left ml-md-0&#8243;] Bize Ula\u015f\u0131n Sizlere daha kaliteli bir hizmet [&hellip;]\" \/>\n<meta property=\"og:url\" content=\"https:\/\/pakline.com.tr\/index.php\/iletisim\/\" \/>\n<meta property=\"article:modified_time\" content=\"2018-03-20T11:44:29+00:00\" \/>\n<meta name=\"twitter:card\" content=\"summary_large_image\" \/>\n<meta name=\"twitter:label1\" content=\"Tahmini okuma s\u00fcresi\" \/>\n\t<meta name=\"twitter:data1\" content=\"1 dakika\" \/>\n<script type=\"application\/ld+json\" class=\"yoast-schema-graph\">{\"@context\":\"https:\/\/schema.org\",\"@graph\":[{\"@type\":\"Organization\",\"@id\":\"https:\/\/pakline.com.tr\/#organization\",\"name\":\"Pakline\",\"url\":\"https:\/\/pakline.com.tr\/\",\"sameAs\":[],\"logo\":{\"@type\":\"ImageObject\",\"@id\":\"https:\/\/pakline.com.tr\/#logo\",\"inLanguage\":\"tr\",\"url\":\"https:\/\/pakline.com.tr\/wp-content\/uploads\/2010\/06\/cropped-LOGO1-3.png\",\"contentUrl\":\"https:\/\/pakline.com.tr\/wp-content\/uploads\/2010\/06\/cropped-LOGO1-3.png\",\"width\":411,\"height\":94,\"caption\":\"Pakline\"},\"image\":{\"@id\":\"https:\/\/pakline.com.tr\/#logo\"}},{\"@type\":\"WebSite\",\"@id\":\"https:\/\/pakline.com.tr\/#website\",\"url\":\"https:\/\/pakline.com.tr\/\",\"name\":\"\",\"description\":\"Otomatik Ya\u011flama | Paslanmaz Fittings | Merkezi Ya\u011flama\",\"publisher\":{\"@id\":\"https:\/\/pakline.com.tr\/#organization\"},\"potentialAction\":[{\"@type\":\"SearchAction\",\"target\":{\"@type\":\"EntryPoint\",\"urlTemplate\":\"https:\/\/pakline.com.tr\/?s={search_term_string}\"},\"query-input\":\"required name=search_term_string\"}],\"inLanguage\":\"tr\"},{\"@type\":\"WebPage\",\"@id\":\"https:\/\/pakline.com.tr\/index.php\/iletisim\/#webpage\",\"url\":\"https:\/\/pakline.com.tr\/index.php\/iletisim\/\",\"name\":\"\u0130leti\u015fim -\",\"isPartOf\":{\"@id\":\"https:\/\/pakline.com.tr\/#website\"},\"datePublished\":\"2017-10-01T19:20:40+00:00\",\"dateModified\":\"2018-03-20T11:44:29+00:00\",\"breadcrumb\":{\"@id\":\"https:\/\/pakline.com.tr\/index.php\/iletisim\/#breadcrumb\"},\"inLanguage\":\"tr\",\"potentialAction\":[{\"@type\":\"ReadAction\",\"target\":[\"https:\/\/pakline.com.tr\/index.php\/iletisim\/\"]}]},{\"@type\":\"BreadcrumbList\",\"@id\":\"https:\/\/pakline.com.tr\/index.php\/iletisim\/#breadcrumb\",\"itemListElement\":[{\"@type\":\"ListItem\",\"position\":1,\"name\":\"Anasayfa\",\"item\":\"https:\/\/pakline.com.tr\/\"},{\"@type\":\"ListItem\",\"position\":2,\"name\":\"\u0130leti\u015fim\"}]}]}<\/script>\n<!-- \/ Yoast SEO plugin. -->","yoast_head_json":{"title":"\u0130leti\u015fim -","robots":{"index":"index","follow":"follow","max-snippet":"max-snippet:-1","max-image-preview":"max-image-preview:large","max-video-preview":"max-video-preview:-1"},"canonical":"https:\/\/pakline.com.tr\/index.php\/iletisim\/","og_locale":"tr_TR","og_type":"article","og_title":"\u0130leti\u015fim -","og_description":"[vc_row full_width=&#8221;stretch_row_content&#8221; css=&#8221;.vc_custom_1506677722029{margin-top: 30px !important;}&#8221;][vc_column width=&#8221;1\/3&#8243; offset=&#8221;vc_col-md-offset-1 vc_col-md-3&#8243;][vc_column_text] \u0130stanbul Ofis Addres Evliya \u00c7elebi Mh. Rauforbay Cd. Akg\u00fcl Sk.No:2\/2 Telefon +90216 446-37-25 +90216 446-37-23 Fax Email info@pakline.com.tr[\/vc_column_text][\/vc_column][vc_column width=&#8221;2\/3&#8243;][vc_gmaps link=&#8221;#E-8_JTNDaWZyYW1lJTIwc3JjJTNEJTIyaHR0cHMlM0ElMkYlMkZ3d3cuZ29vZ2xlLmNvbSUyRm1hcHMlMkZlbWJlZCUzRnBiJTNEJTIxMW0xOCUyMTFtMTIlMjExbTMlMjExZDMwMTguMjg3OTE5OTUxMTcyJTIxMmQyOS4yOTE0MjkwMTQ4Mjg0MiUyMTNkNDAuODQzNjAyMDM3NDkxOTIlMjEybTMlMjExZjAlMjEyZjAlMjEzZjAlMjEzbTIlMjExaTEwMjQlMjEyaTc2OCUyMTRmMTMuMSUyMTNtMyUyMTFtMiUyMTFzMHgxNGNhZGM0NTk4ODYyNTRkJTI1M0EweGI0MThlNDBlODg4YWRlOWMlMjEyc1Bha2xpbmUlMkJFbmQlMjVDMyUyNUJDc3RyaSUyQllhJTI1QzQlMjU5RmxhbWElMjE1ZTAlMjEzbTIlMjExc3RyJTIxMnN0ciUyMTR2MTUyMTU0NTczNzIyNyUyMiUyMHdpZHRoJTNEJTIyNjAwJTIyJTIwaGVpZ2h0JTNEJTIyNDUwJTIyJTIwZnJhbWVib3JkZXIlM0QlMjIwJTIyJTIwc3R5bGUlM0QlMjJib3JkZXIlM0EwJTIyJTIwYWxsb3dmdWxsc2NyZWVuJTNFJTNDJTJGaWZyYW1lJTNF&#8221; size=&#8221;400&#8243; css_animation=&#8221;fadeIn&#8221; css=&#8221;.vc_custom_1521545745641{margin-bottom: 0px !important;background-color: #f7f7f7 !important;}&#8221;][\/vc_column][\/vc_row][vc_row full_width=&#8221;stretch_row_content_no_spaces&#8221; css=&#8221;.vc_custom_1506708570844{margin-top: 60px !important;background-color: #f5f5f5 !important;}&#8221;][vc_column][nur_image_section layout=&#8221;cover-image content-right&#8221; image_id=&#8221;2523&#8243;][nur_section_heading decoration=&#8221;line&#8221; el_class=&#8221;text-center text-md-left ml-md-0&#8243;] Bize Ula\u015f\u0131n Sizlere daha kaliteli bir hizmet [&hellip;]","og_url":"https:\/\/pakline.com.tr\/index.php\/iletisim\/","article_modified_time":"2018-03-20T11:44:29+00:00","twitter_card":"summary_large_image","twitter_misc":{"Tahmini okuma s\u00fcresi":"1 dakika"},"schema":{"@context":"https:\/\/schema.org","@graph":[{"@type":"Organization","@id":"https:\/\/pakline.com.tr\/#organization","name":"Pakline","url":"https:\/\/pakline.com.tr\/","sameAs":[],"logo":{"@type":"ImageObject","@id":"https:\/\/pakline.com.tr\/#logo","inLanguage":"tr","url":"https:\/\/pakline.com.tr\/wp-content\/uploads\/2010\/06\/cropped-LOGO1-3.png","contentUrl":"https:\/\/pakline.com.tr\/wp-content\/uploads\/2010\/06\/cropped-LOGO1-3.png","width":411,"height":94,"caption":"Pakline"},"image":{"@id":"https:\/\/pakline.com.tr\/#logo"}},{"@type":"WebSite","@id":"https:\/\/pakline.com.tr\/#website","url":"https:\/\/pakline.com.tr\/","name":"","description":"Otomatik Ya\u011flama | Paslanmaz Fittings | Merkezi Ya\u011flama","publisher":{"@id":"https:\/\/pakline.com.tr\/#organization"},"potentialAction":[{"@type":"SearchAction","target":{"@type":"EntryPoint","urlTemplate":"https:\/\/pakline.com.tr\/?s={search_term_string}"},"query-input":"required name=search_term_string"}],"inLanguage":"tr"},{"@type":"WebPage","@id":"https:\/\/pakline.com.tr\/index.php\/iletisim\/#webpage","url":"https:\/\/pakline.com.tr\/index.php\/iletisim\/","name":"\u0130leti\u015fim -","isPartOf":{"@id":"https:\/\/pakline.com.tr\/#website"},"datePublished":"2017-10-01T19:20:40+00:00","dateModified":"2018-03-20T11:44:29+00:00","breadcrumb":{"@id":"https:\/\/pakline.com.tr\/index.php\/iletisim\/#breadcrumb"},"inLanguage":"tr","potentialAction":[{"@type":"ReadAction","target":["https:\/\/pakline.com.tr\/index.php\/iletisim\/"]}]},{"@type":"BreadcrumbList","@id":"https:\/\/pakline.com.tr\/index.php\/iletisim\/#breadcrumb","itemListElement":[{"@type":"ListItem","position":1,"name":"Anasayfa","item":"https:\/\/pakline.com.tr\/"},{"@type":"ListItem","position":2,"name":"\u0130leti\u015fim"}]}]}},"_links":{"self":[{"href":"https:\/\/pakline.com.tr\/index.php\/wp-json\/wp\/v2\/pages\/23"}],"collection":[{"href":"https:\/\/pakline.com.tr\/index.php\/wp-json\/wp\/v2\/pages"}],"about":[{"href":"https:\/\/pakline.com.tr\/index.php\/wp-json\/wp\/v2\/types\/page"}],"author":[{"embeddable":true,"href":"https:\/\/pakline.com.tr\/index.php\/wp-json\/wp\/v2\/users\/1"}],"replies":[{"embeddable":true,"href":"https:\/\/pakline.com.tr\/index.php\/wp-json\/wp\/v2\/comments?post=23"}],"version-history":[{"count":5,"href":"https:\/\/pakline.com.tr\/index.php\/wp-json\/wp\/v2\/pages\/23\/revisions"}],"predecessor-version":[{"id":2533,"href":"https:\/\/pakline.com.tr\/index.php\/wp-json\/wp\/v2\/pages\/23\/revisions\/2533"}],"wp:attachment":[{"href":"https:\/\/pakline.com.tr\/index.php\/wp-json\/wp\/v2\/media?parent=23"}],"curies":[{"name":"wp","href":"https:\/\/api.w.org\/{rel}","templated":true}]}}