{"id":2580,"date":"2018-03-20T17:07:25","date_gmt":"2018-03-20T14:07:25","guid":{"rendered":"http:\/\/pakline.com.tr\/?page_id=2580"},"modified":"2018-03-20T17:25:29","modified_gmt":"2018-03-20T14:25:29","slug":"merkezi-yaglama-sistemleri","status":"publish","type":"page","link":"https:\/\/pakline.com.tr\/index.php\/merkezi-yaglama-sistemleri\/","title":{"rendered":"Merkezi Ya\u011flama Sistemleri"},"content":{"rendered":"<p>[vc_row][vc_column][\/vc_column][\/vc_row][vc_row][vc_column][vc_tta_tour][vc_tta_section title=&#8221;\u00dcr\u00fcn Tipi&#8221; tab_id=&#8221;1521554366913-36c88a14-ad68&#8243;][vc_toggle title=&#8221;Pompalar&#8221;]Toggle content goes here, click edit button to change this text.[\/vc_toggle][vc_toggle title=&#8221;Da\u011f\u0131t\u0131m Elemanlar\u0131&#8221;]Toggle content goes here, click edit button to change this text.[\/vc_toggle][vc_toggle title=&#8221;Aksesuarlar ve Kontrol\u00f6rler&#8221;]Toggle content goes here, click edit button to change this text.[\/vc_toggle][\/vc_tta_section][vc_tta_section title=&#8221;Sistem Tipi&#8221; tab_id=&#8221;1521554366932-d8130041-986c&#8221;][vc_toggle title=&#8221;Tek Hatl\u0131 Sistem&#8221;]Toggle content goes here, click edit button to change this text.[\/vc_toggle][vc_toggle title=&#8221;\u00c7ok Hatl\u0131 Sistem&#8221;]Toggle content goes here, click edit button to change this text.[\/vc_toggle][vc_toggle title=&#8221;Progressiv Sistem&#8221;]Toggle content goes here, click edit button to change this text.[\/vc_toggle][vc_toggle title=&#8221;\u00c7ift Hatl\u0131 Sistem&#8221;]Toggle content goes here, click edit button to change this text.[\/vc_toggle][vc_toggle title=&#8221;\u00d6zel Ya\u011flama Sistemleri&#8221;]Toggle content goes here, click edit button to change this text.[\/vc_toggle][\/vc_tta_section][\/vc_tta_tour][\/vc_column][\/vc_row]<\/p>\n","protected":false},"excerpt":{"rendered":"<p>[vc_row][vc_column][\/vc_column][\/vc_row][vc_row][vc_column][vc_tta_tour][vc_tta_section title=&#8221;\u00dcr\u00fcn Tipi&#8221; tab_id=&#8221;1521554366913-36c88a14-ad68&#8243;][vc_toggle title=&#8221;Pompalar&#8221;]Toggle content goes here, click edit button to change this text.[\/vc_toggle][vc_toggle title=&#8221;Da\u011f\u0131t\u0131m Elemanlar\u0131&#8221;]Toggle content goes here, click edit button to change this text.[\/vc_toggle][vc_toggle title=&#8221;Aksesuarlar ve Kontrol\u00f6rler&#8221;]Toggle content goes here, click edit button to change this text.[\/vc_toggle][\/vc_tta_section][vc_tta_section title=&#8221;Sistem Tipi&#8221; tab_id=&#8221;1521554366932-d8130041-986c&#8221;][vc_toggle title=&#8221;Tek Hatl\u0131 Sistem&#8221;]Toggle content goes here, click edit button to change this [&hellip;]<\/p>\n","protected":false},"author":1,"featured_media":0,"parent":0,"menu_order":0,"comment_status":"closed","ping_status":"closed","template":"","meta":{"footnotes":""},"class_list":["post-2580","page","type-page","status-publish","hentry"],"yoast_head":"<!-- This site is optimized with the Yoast SEO plugin v18.2 - https:\/\/yoast.com\/wordpress\/plugins\/seo\/ -->\n<title>Merkezi Ya\u011flama Sistemleri -<\/title>\n<meta name=\"robots\" content=\"index, follow, max-snippet:-1, max-image-preview:large, max-video-preview:-1\" \/>\n<link rel=\"canonical\" href=\"https:\/\/pakline.com.tr\/index.php\/merkezi-yaglama-sistemleri\/\" \/>\n<meta property=\"og:locale\" content=\"tr_TR\" \/>\n<meta property=\"og:type\" content=\"article\" \/>\n<meta property=\"og:title\" content=\"Merkezi Ya\u011flama Sistemleri -\" \/>\n<meta property=\"og:description\" content=\"[vc_row][vc_column][\/vc_column][\/vc_row][vc_row][vc_column][vc_tta_tour][vc_tta_section title=&#8221;\u00dcr\u00fcn Tipi&#8221; tab_id=&#8221;1521554366913-36c88a14-ad68&#8243;][vc_toggle title=&#8221;Pompalar&#8221;]Toggle content goes here, click edit button to change this text.[\/vc_toggle][vc_toggle title=&#8221;Da\u011f\u0131t\u0131m Elemanlar\u0131&#8221;]Toggle content goes here, click edit button to change this text.[\/vc_toggle][vc_toggle title=&#8221;Aksesuarlar ve Kontrol\u00f6rler&#8221;]Toggle content goes here, click edit button to change this text.[\/vc_toggle][\/vc_tta_section][vc_tta_section title=&#8221;Sistem Tipi&#8221; tab_id=&#8221;1521554366932-d8130041-986c&#8221;][vc_toggle title=&#8221;Tek Hatl\u0131 Sistem&#8221;]Toggle content goes here, click edit button to change this [&hellip;]\" \/>\n<meta property=\"og:url\" content=\"https:\/\/pakline.com.tr\/index.php\/merkezi-yaglama-sistemleri\/\" \/>\n<meta property=\"article:modified_time\" content=\"2018-03-20T14:25:29+00:00\" \/>\n<meta name=\"twitter:card\" content=\"summary_large_image\" \/>\n<meta name=\"twitter:label1\" content=\"Tahmini okuma s\u00fcresi\" \/>\n\t<meta name=\"twitter:data1\" content=\"1 dakika\" \/>\n<script type=\"application\/ld+json\" class=\"yoast-schema-graph\">{\"@context\":\"https:\/\/schema.org\",\"@graph\":[{\"@type\":\"Organization\",\"@id\":\"https:\/\/pakline.com.tr\/#organization\",\"name\":\"Pakline\",\"url\":\"https:\/\/pakline.com.tr\/\",\"sameAs\":[],\"logo\":{\"@type\":\"ImageObject\",\"@id\":\"https:\/\/pakline.com.tr\/#logo\",\"inLanguage\":\"tr\",\"url\":\"https:\/\/pakline.com.tr\/wp-content\/uploads\/2010\/06\/cropped-LOGO1-3.png\",\"contentUrl\":\"https:\/\/pakline.com.tr\/wp-content\/uploads\/2010\/06\/cropped-LOGO1-3.png\",\"width\":411,\"height\":94,\"caption\":\"Pakline\"},\"image\":{\"@id\":\"https:\/\/pakline.com.tr\/#logo\"}},{\"@type\":\"WebSite\",\"@id\":\"https:\/\/pakline.com.tr\/#website\",\"url\":\"https:\/\/pakline.com.tr\/\",\"name\":\"\",\"description\":\"Otomatik Ya\u011flama | Paslanmaz Fittings | Merkezi Ya\u011flama\",\"publisher\":{\"@id\":\"https:\/\/pakline.com.tr\/#organization\"},\"potentialAction\":[{\"@type\":\"SearchAction\",\"target\":{\"@type\":\"EntryPoint\",\"urlTemplate\":\"https:\/\/pakline.com.tr\/?s={search_term_string}\"},\"query-input\":\"required name=search_term_string\"}],\"inLanguage\":\"tr\"},{\"@type\":\"WebPage\",\"@id\":\"https:\/\/pakline.com.tr\/index.php\/merkezi-yaglama-sistemleri\/#webpage\",\"url\":\"https:\/\/pakline.com.tr\/index.php\/merkezi-yaglama-sistemleri\/\",\"name\":\"Merkezi Ya\u011flama Sistemleri -\",\"isPartOf\":{\"@id\":\"https:\/\/pakline.com.tr\/#website\"},\"datePublished\":\"2018-03-20T14:07:25+00:00\",\"dateModified\":\"2018-03-20T14:25:29+00:00\",\"breadcrumb\":{\"@id\":\"https:\/\/pakline.com.tr\/index.php\/merkezi-yaglama-sistemleri\/#breadcrumb\"},\"inLanguage\":\"tr\",\"potentialAction\":[{\"@type\":\"ReadAction\",\"target\":[\"https:\/\/pakline.com.tr\/index.php\/merkezi-yaglama-sistemleri\/\"]}]},{\"@type\":\"BreadcrumbList\",\"@id\":\"https:\/\/pakline.com.tr\/index.php\/merkezi-yaglama-sistemleri\/#breadcrumb\",\"itemListElement\":[{\"@type\":\"ListItem\",\"position\":1,\"name\":\"Anasayfa\",\"item\":\"https:\/\/pakline.com.tr\/\"},{\"@type\":\"ListItem\",\"position\":2,\"name\":\"Merkezi Ya\u011flama Sistemleri\"}]}]}<\/script>\n<!-- \/ Yoast SEO plugin. -->","yoast_head_json":{"title":"Merkezi Ya\u011flama Sistemleri -","robots":{"index":"index","follow":"follow","max-snippet":"max-snippet:-1","max-image-preview":"max-image-preview:large","max-video-preview":"max-video-preview:-1"},"canonical":"https:\/\/pakline.com.tr\/index.php\/merkezi-yaglama-sistemleri\/","og_locale":"tr_TR","og_type":"article","og_title":"Merkezi Ya\u011flama Sistemleri -","og_description":"[vc_row][vc_column][\/vc_column][\/vc_row][vc_row][vc_column][vc_tta_tour][vc_tta_section title=&#8221;\u00dcr\u00fcn Tipi&#8221; tab_id=&#8221;1521554366913-36c88a14-ad68&#8243;][vc_toggle title=&#8221;Pompalar&#8221;]Toggle content goes here, click edit button to change this text.[\/vc_toggle][vc_toggle title=&#8221;Da\u011f\u0131t\u0131m Elemanlar\u0131&#8221;]Toggle content goes here, click edit button to change this text.[\/vc_toggle][vc_toggle title=&#8221;Aksesuarlar ve Kontrol\u00f6rler&#8221;]Toggle content goes here, click edit button to change this text.[\/vc_toggle][\/vc_tta_section][vc_tta_section title=&#8221;Sistem Tipi&#8221; tab_id=&#8221;1521554366932-d8130041-986c&#8221;][vc_toggle title=&#8221;Tek Hatl\u0131 Sistem&#8221;]Toggle content goes here, click edit button to change this [&hellip;]","og_url":"https:\/\/pakline.com.tr\/index.php\/merkezi-yaglama-sistemleri\/","article_modified_time":"2018-03-20T14:25:29+00:00","twitter_card":"summary_large_image","twitter_misc":{"Tahmini okuma s\u00fcresi":"1 dakika"},"schema":{"@context":"https:\/\/schema.org","@graph":[{"@type":"Organization","@id":"https:\/\/pakline.com.tr\/#organization","name":"Pakline","url":"https:\/\/pakline.com.tr\/","sameAs":[],"logo":{"@type":"ImageObject","@id":"https:\/\/pakline.com.tr\/#logo","inLanguage":"tr","url":"https:\/\/pakline.com.tr\/wp-content\/uploads\/2010\/06\/cropped-LOGO1-3.png","contentUrl":"https:\/\/pakline.com.tr\/wp-content\/uploads\/2010\/06\/cropped-LOGO1-3.png","width":411,"height":94,"caption":"Pakline"},"image":{"@id":"https:\/\/pakline.com.tr\/#logo"}},{"@type":"WebSite","@id":"https:\/\/pakline.com.tr\/#website","url":"https:\/\/pakline.com.tr\/","name":"","description":"Otomatik Ya\u011flama | Paslanmaz Fittings | Merkezi Ya\u011flama","publisher":{"@id":"https:\/\/pakline.com.tr\/#organization"},"potentialAction":[{"@type":"SearchAction","target":{"@type":"EntryPoint","urlTemplate":"https:\/\/pakline.com.tr\/?s={search_term_string}"},"query-input":"required name=search_term_string"}],"inLanguage":"tr"},{"@type":"WebPage","@id":"https:\/\/pakline.com.tr\/index.php\/merkezi-yaglama-sistemleri\/#webpage","url":"https:\/\/pakline.com.tr\/index.php\/merkezi-yaglama-sistemleri\/","name":"Merkezi Ya\u011flama Sistemleri -","isPartOf":{"@id":"https:\/\/pakline.com.tr\/#website"},"datePublished":"2018-03-20T14:07:25+00:00","dateModified":"2018-03-20T14:25:29+00:00","breadcrumb":{"@id":"https:\/\/pakline.com.tr\/index.php\/merkezi-yaglama-sistemleri\/#breadcrumb"},"inLanguage":"tr","potentialAction":[{"@type":"ReadAction","target":["https:\/\/pakline.com.tr\/index.php\/merkezi-yaglama-sistemleri\/"]}]},{"@type":"BreadcrumbList","@id":"https:\/\/pakline.com.tr\/index.php\/merkezi-yaglama-sistemleri\/#breadcrumb","itemListElement":[{"@type":"ListItem","position":1,"name":"Anasayfa","item":"https:\/\/pakline.com.tr\/"},{"@type":"ListItem","position":2,"name":"Merkezi Ya\u011flama Sistemleri"}]}]}},"_links":{"self":[{"href":"https:\/\/pakline.com.tr\/index.php\/wp-json\/wp\/v2\/pages\/2580"}],"collection":[{"href":"https:\/\/pakline.com.tr\/index.php\/wp-json\/wp\/v2\/pages"}],"about":[{"href":"https:\/\/pakline.com.tr\/index.php\/wp-json\/wp\/v2\/types\/page"}],"author":[{"embeddable":true,"href":"https:\/\/pakline.com.tr\/index.php\/wp-json\/wp\/v2\/users\/1"}],"replies":[{"embeddable":true,"href":"https:\/\/pakline.com.tr\/index.php\/wp-json\/wp\/v2\/comments?post=2580"}],"version-history":[{"count":3,"href":"https:\/\/pakline.com.tr\/index.php\/wp-json\/wp\/v2\/pages\/2580\/revisions"}],"predecessor-version":[{"id":2583,"href":"https:\/\/pakline.com.tr\/index.php\/wp-json\/wp\/v2\/pages\/2580\/revisions\/2583"}],"wp:attachment":[{"href":"https:\/\/pakline.com.tr\/index.php\/wp-json\/wp\/v2\/media?parent=2580"}],"curies":[{"name":"wp","href":"https:\/\/api.w.org\/{rel}","templated":true}]}}